 = 56 + z. Suppose -3*q - 3*j = -177, -n*j = -0*q - 5*q + 335. List the prime factors of q.
3, 7
Let x(t) = 2*t**3 + 26*t**2 + 34*t + 79. List the prime factors of x(24).
7, 6217
Suppose -4*n = 5*i - 46743, 5*i + 9473 = -5*n + 67903. What are the prime factors of n?
13, 29, 31
Let d(s) = -s**2 + 18*s + 4. Let n be d(14). Let r = -59 + n. What are the prime factors of (8 + 3)/(-2*r/(-22))?
11
Suppose -3*k + 2 = 3*t + 53, 4*k - t = -88. Let p be k/((-5)/(-15) - 10/12). Let g = p - -57. What are the prime factors of g?
3, 11
Let p(l) = 2*l**2 + 62*l + 33. Let z be p(26). Suppose 14*f = 5*f + z. What are the prime factors of f?
3, 37
Let h = 724 + -674. What are the prime factors of (-1 + 45/h)*-344*15?
2, 3, 43
Let t(o) = 21*o**2 + 13*o + 12. Let j be t(-6). Suppose -620 - j = 10*n. Let h = -21 - n. List the prime factors of h.
2, 5, 11
Let j = 17967 - 13456. What are the prime factors of j?
13, 347
Suppose 13 - 13 = 34*y. Suppose y = -2*i + 2*j + 1346, 1358 = -50*i + 52*i + 2*j. What are the prime factors of i?
2, 13
Let f(m) = 1996*m**2 + 381*m + 1516. What are the prime factors of f(-4)?
2, 13, 307
Let m = 23 + -416. Suppose z + 5*v = -251, -5*z - 5*v - 220 = 1135. Let t = z - m. What are the prime factors of t?
3, 13
Let u be ((-8)/(-2))/(6/(-3)). Suppose 3*r = -b - 1 - 0, 4*r - 1 = b. What are the prime factors of (u/4 + b)*(-582)/9?
97
Suppose -127 = 29*c - 13960. Let n = 414 + c. What are the prime factors of n?
3, 11
Suppose -77879 = -29*d + 253910. What are the prime factors of d?
17, 673
Let j(l) = 11*l - 333. Let r(d) = -4*d + 111. Let s(w) = -6*j(w) - 17*r(w). Let x be s(0). Suppose 2*o = 173 + x. What are the prime factors of o?
2, 71
Let d = -59428 + 143420. List the prime factors of d.
2, 10499
Let c = 560 - -148. Suppose -c = -3*p + 1770. List the prime factors of p.
2, 7, 59
What are the prime factors of ((-345)/(-23))/(-15)*(-4268 - 1)?
3, 1423
Let p = 14908 + -6895. What are the prime factors of p?
3, 2671
Suppose 0 = -5*m - 2*x + 80, 4*x = 8*x. What are the prime factors of m/12 - 1 - 402/(-9)?
3, 5
Let t = 155 + -160. Let q(i) = -i**3 - 2*i**2 - 6*i - 6. What are the prime factors of q(t)?
3, 11
What are the prime factors of ((-1456)/224)/((-2)/1548)?
3, 13, 43
List the prime factors of 7 + (-1079)/143 + (-300928)/(-22).
2, 7, 977
Let r = -422 + 841. Let w = r - -468. List the prime factors of w.
887
Let q(p) = 61*p**2 - 99*p + 1072. What are the prime factors of q(12)?
2, 11, 197
Let l(i) = 477*i**2 + 716*i - 20. List the prime factors of l(-7).
18341
Let y(n) = 56*n + 4. Let t be y(6). Suppose 0 = -4*p + 16, -4*s + 68 = -2*p - t. Suppose s = 5*o - 2*a - 189, 0 = 2*a + 8. List the prime factors of o.
3, 19
Let x = 120 - 118. Suppose 4*i - 3*m - 735 = 0, -1 = -m + x*m. What are the prime factors of i?
3, 61
Suppose i + x - 50 = 0, 2*i + 262 = 7*i - x. Suppose -10*u = 3*u - i. Suppose 7*w - 585 = -4*d + u*w, -2*d + w = -305. What are the prime factors of d?
2, 3, 5
Suppose -28*c = -29*c + y + 56432, 225743 = 4*c + y. What are the prime factors of c?
5, 11287
Suppose 73*m + 52528 = 87*m. List the prime factors of m.
2, 7, 67
Let l be (-4697)/(-28) - (-6)/(-8). Let g = l - -144. What are the prime factors of g?
311
Suppose -3*y = -4*y + 5. Suppose -y*z = t - 4*t + 16, 6 = -3*z. Suppose r + 5*i + t = -2, 0 = -2*r - i + 37. List the prime factors of r.
3, 7
Let t(j) = 2734*j - 504. List the prime factors of t(4).
2, 163
Let q be (10 - (-29424)/84) + 4/(-14). Suppose 5*u = -5*h - q + 2295, 0 = 4*h - 8. List the prime factors of u.
5, 7, 11
Let u(k) = -k**3 + 9*k**2 - 15*k + 10. Let g be u(7). Suppose -4*o - 4*r = -1224, -2*o + g*r = 3*o - 1562. List the prime factors of o.
2, 5, 31
Suppose -101 + 125 = 8*m. Suppose 3*r = b - 3*b + 19, 14 = b - m*r. What are the prime factors of b?
11
Let w = 122 - 119. Suppose -w*j = 7*j. Suppose -4*p + 9 - 1 = 4*v, -5*p - 4*v + 14 = j. What are the prime factors of p?
2, 3
Let d(x) = -x**3 + 18*x**2 - 48*x + 47. Let o be d(15). Suppose o*l - 2*i = 1304, -i - 1996 - 618 = -4*l. What are the prime factors of l?
2, 3, 109
Let t(k) = 38*k + 640. Let h(j) = 13*j + 213. Let p(n) = -11*h(n) + 4*t(n). Let b be p(0). Let z = -112 + b. What are the prime factors of z?
3, 5, 7
Suppose -5*b + 24 = x, x + 0*x + 8 = 3*b. Let n be 1119/3 + (b - 6). Suppose 0*m - 373 = -4*s - m, 0 = -4*s + m + n. List the prime factors of s.
3, 31
Let s(d) = -4*d - 42. Let t be s(-11). Suppose 5*k - 181 = 2*n + 187, -t*n = k - 76. Suppose -3*p = -2*b + k + 7, -p = 3*b - 149. List the prime factors of b.
2, 3
Let t(f) = -18157*f**3 + 29*f**2 + 27*f - 1. List the prime factors of t(-1).
2, 7, 1297
What are the prime factors of (24/(-10))/(205/(-348500))?
2, 3, 5, 17
Let v = -1180 + 6593. List the prime factors of v.
5413
Let l = -4909 - -5142. Suppose 0 = 2*r, -1428 = -4*m - 0*r - 2*r. Let q = m - l. What are the prime factors of q?
2, 31
Let v(r) = -r**3 + 5*r**2 - 9*r + 5. Let k be v(-6). Let l be ((-1)/5)/(14/k)*2. Let i = 63 - l. What are the prime factors of i?
2, 19
Let j = -15586 - -22245. List the prime factors of j.
6659
Suppose 9*u = 4*u + 20. Suppose -1 = -q + p, 5*q + 8*p - 14 = u*p. Suppose -29 = -q*z + 143. What are the prime factors of z?
2, 43
Let z(r) = -r**3 - 16*r**2 - 15*r + 4. Let w = 65 + -80. Let n be z(w). Suppose 4*l + 276 + 118 = 3*k, 0 = -5*k - n*l + 710. List the prime factors of k.
2, 3, 23
Let m = 177 - 183. What are the prime factors of 4/m + (-31077)/(-81)?
383
Suppose -4*t - 10408 = -a - 1618, -35160 = -4*a - 5*t. What are the prime factors of a?
2, 3, 5, 293
Let y(b) = 52*b + 52. Suppose 3*l + 11 = 5*j, 0 = -3*j - 0*l + l + 9. List the prime factors of y(j).
2, 5, 13
Let l(d) = 4*d - 5. Let r be l(10). Let b(o) = 5*o + 56. Let x be b(-16). Let w = x + r. List the prime factors of w.
11
Suppose -965*g = -952*g - 82953. What are the prime factors of g?
3, 709
Suppose -4*u + 5*g = -345, -90 = -u - 3*g + 8*g. Suppose 2*z + 3*z + u = -5*x, 3*x + 2*z + 49 = 0. List the prime factors of 3/(-2)*710/x.
71
Suppose -2*n + 17 = 3*l - 24, 4*l = -n + 58. Suppose -l*r + 1368 = 4*r. What are the prime factors of r?
2, 3
Suppose -4*b - 61*u + 24793 = -60*u, 2*b = -2*u + 12398. What are the prime factors of b?
2, 3, 1033
What are the prime factors of 21378 + 10 + -7 + -15?
2, 3, 1187
Let s be 35/(-90)*16 - (-2)/9. Let i(j) = 9*j**2 - 2*j - 6. List the prime factors of i(s).
2, 3, 5, 11
Suppose 3*r = 3, 4*r = 4*g - 6*g + 176. Suppose -g*d + 87*d = 857. List the prime factors of d.
857
Let u = 63 + -58. Let j(p) = -4*p + 4*p - u*p + 11. What are the prime factors of j(-27)?
2, 73
Suppose -f - 4*o = -24971, -76141 = -2*f + o - 26217. List the prime factors of f.
3, 53, 157
Suppose -5*v = 2*m - 92, -2*v - 5*m + 35 = -6*m. Let g = 21 - v. Suppose 3*d = 4*w - 961, -d - g*d + 752 = 3*w. List the prime factors of w.
2, 61
Suppose 0 = 2*k - 6*k + 13880. Suppose -k = -5*r + 4*q, 5*r - 2*q + 680 = 6*r. Let z = r + -454. List the prime factors of z.
2, 59
Suppose 0 = 42*j - 383389 - 822893. List the prime factors of j.
7, 11, 373
Let s = 18020 + -13197. What are the prime factors of s?
7, 13, 53
Suppose -3*o - 6 = -3*u + o, -3*u + o = -6. Suppose 0 = -4*i + 16, 0 = -w - u*i + 4*i + 67. List the prime factors of w.
3, 5
Let p = 106 - 92. Suppose 688 + 68 = p*t. What are the prime factors of t?
2, 3
Suppose 4*f = 8*f + 464. Let t(h) = -7*h - 173. Let n be t(6). Let d = f - n. List the prime factors of d.
3, 11
Let i(k) = 723*k**2 - 4*k - 6. Let m be i(-1). Suppose 2*l - 3*l = 3*d - m, 3*l = -2*d + 2198. List the prime factors of l.
2, 23
Let w(s) = 255*s**2 + 13*s. Let p(i) = 85*i**2 + 4*i. Let k(y) = 7*p(y) - 2*w(y). List the prime factors of k(1).
3, 29
List the prime factors of 26*(63/(-175))/(6/(-5))*2795.
3, 13, 43
Let v = -9854 + 30235. Suppose -19*z + v + 14826 = 0. What are the prime factors of z?
17, 109
Let a = 176 - 150. Suppose a*z - 2394 - 1766 = 0. What are the prime factors of z?
2, 5
What are the prime factors of (10/8)/((-145)/(-451820))?
5, 19, 41
Let n = -77 - -78. Let j be (-3)/(-3) + (n*-12)/(-2). Suppose -1488 = -j*a - 501. List the prime factors of a.
3, 47
Let a(g) = -161*g**3 - g + 6. Let h be a(-2). Suppose -16*u = -10*u - h. What are the prime factors of u?
2, 3
Let p = -5977 + 9313. What are the p